= t**2 - 16*t + 12. Let o(d) = -d**2 + 17*d - 12. Let l(f) = -6*m(f) - 5*o(f). Let n be l(10). Let q(s) = s - 1. Calculate q(n).
-3
Suppose 18*f - 32*f + 28 = 0. Let y(j) = -j**3 + j**2 + 4*j - 3. Give y(f).
1
Let y(x) = x**2 - 4*x. Suppose 10*o - 11*o = -3. Determine y(o).
-3
Let q be (-7)/5 - 12/90*-3. Let w(i) = -17*i**2. What is w(q)?
-17
Suppose 5*b - 10 = -5*x, -x + 16 = 5*b + x. Let c(t) = -14*t + 16*t + b - 2. Calculate c(2).
6
Let x(k) = k - 7. Let c(a) = 3*a**2 - 18*a + 29. Let l be c(3). Determine x(l).
-5
Let c = -76 + 81. Suppose 5*d + 16 = 4*y, 2*y = -c*d + d - 18. Let w(g) = 6*g**3 - g**2. Determine w(y).
-7
Let r(x) = 12*x + 4. Let k(h) = -h**3 - 2*h**2 - 11*h - 82. Let v be k(-4). Determine r(v).
-68
Let n be ((-5)/4)/(1/(-12)). Let d = -14 + n. Suppose 2*j = -2*p - 3*j + d, -5 = 5*p + 5*j. Let w(a) = -6*a - 2. What is w(p)?
10
Let y(s) = -s**3 + s**2 + 1. Let i(q) = 4*q**3 + 3*q**2 + 4*q - 13. Let t(a) = -i(a) - 3*y(a). Give t(-5).
5
Let y(m) be the second derivative of m**5/20 + 5*m**4/12 - 5*m**3/6 - m**2/2 - 90*m. Give y(-5).
24
Let h(w) = w**2 + w + 2. Suppose -4*y - 12 = 0, 0*y = k + y - 7. Suppose k*u - 15*u = 25. Give h(u).
22
Suppose 2*f - 4 = 3*f. Let l be (-28)/f*(-2)/(-7). Let z(k) be the third derivative of -k**6/120 + k**5/60 - k**4/24 - k**3/3 - 2*k**2. What is z(l)?
-8
Let o(u) = -5*u**3 + 2*u**2 + 6*u + 4. Suppose 13*s - 85 = 8*s. Let p(v) = -14*v**3 + 6*v**2 + 17*v + 12. Let w(r) = s*o(r) - 6*p(r). Give w(-3).
5
Let u(z) = -z**3 + 21*z**2 + 24*z - 48. Let v be u(22). Let j(x) = 4*x**2 + 7*x + 4. Give j(v).
40
Let i(o) = -o**3 + 2*o**2 - o - 1. Let r = 5 + -11. Let c(q) = q**3 + 7*q**2 + 5*q - 6. Let v be c(r). Suppose -4*b + 5 + 3 = v. Calculate i(b).
-3
Let t(y) be the third derivative of -y**5/60 - y**4/6 + y**3/2 + 2*y**2 + 92. What is t(-7)?
-18
Let i(k) = k - 4. Let a(g) = -g**2 - 2*g + 4. Let u be a(-3). Suppose 3*s - s = -2*m + 2, 19 = 3*s - m. Let l be -4 + 3 + u + s. Give i(l).
1
Let x(m) = 4*m**2 + 2*m + 2. Let o(b) = b**2 - b. Let a(r) = -3*o(r) + x(r). Let k(p) = -p**2 - 11*p - 15. Let w = -25 - -15. Let t be k(w). Determine a(t).
2
Let z(g) = 533*g - 1079*g - 11 + 7*g**2 + g**3 + 537*g. Suppose -4*w - 16 = -2*w. Calculate z(w).
-3
Let r(s) = 7*s**3 + 6*s**2 + 12*s + 1. Let o(l) = -13*l**3 - 12*l**2 - 23*l - 3. Let q(c) = 6*o(c) + 11*r(c). Let x be 5/(-2) - (4 + 27/(-18)). What is q(x)?
-2
Let y(v) = -v**2 - 13*v - 17. Let a = 244 - 256. Give y(a).
-5
Suppose -30*q - 4 = -32*q. Let j(h) = 3*h + 33 - 26 - h**3 - h**2 - 3*h**q + 0*h**2. Give j(-5).
17
Let p(h) be the second derivative of -h**5/24 + 2*h**3/3 - 2*h. Let i(j) be the second derivative of p(j). Give i(2).
-10
Let n(c) = -8*c**3 + 29*c**2 + 29*c + 26. Suppose -44 = 4*i - 60. Let p(o) = 3*o**3 - 10*o**2 - 10*o - 9. Let a(j) = i*n(j) + 11*p(j). Calculate a(-5).
0
Let p(h) = h**2 + h + 5. Let n be p(-5). Let x(z) = -10*z + n*z - 22*z + 3 + z**2. Give x(7).
3
Let p(x) = -2*x**2 + 13*x + 13. Let a be p(7). Let o(y) = -y**3 + 7*y**2 - 7*y + 13. Let m be o(a). Let q(f) = -m*f - 4 + 3*f + f. Give q(-6).
14
Let s(a) = -a**3 - 4*a**2 + a + 4. Let m be (-1)/((-28)/(-8)) - (-78)/(-21). What is s(m)?
0
Let g(k) = -k**2 + k. Let z be ((-8)/(-6))/((-20)/30). Let h be z/(4 + (-90)/21). Suppose -8*d + h*d = 3. Calculate g(d).
-12
Let p = 43 + -43. Let g(b) = -b - 17. Determine g(p).
-17
Suppose 8*n = 3*n - 75. Let c = n + 17. Let l(t) = 3*t**c - 2*t**2 + 6*t - 4*t. Determine l(-4).
8
Let o(j) = -11*j**2 + 8*j + 6. Let t(r) = 4*r**2 - 3*r - 2. Let i(h) = 3*o(h) + 8*t(h). Let y(a) = -17*a + 20. Let f be y(1). Give i(f).
-7
Let w(u) = -u**3 - 23*u**2 + 6. Let o be w(-23). Let j(m) = m**3 - 5*m**2 - 8*m + 21. Give j(o).
9
Let f(p) be the third derivative of -p**6/120 - p**5/12 - p**4/8 - p**3/6 + 200*p**2. Give f(-5).
14
Let y(r) = -r**3 - 19*r**2 + 2. Let m be y(-19). Suppose 0 = m*v - 3*n - 23, -n = -v + 3*n + 19. Let p(f) = -f - 1. Calculate p(v).
-8
Let q(a) = 2*a + 3. Let n = -76 - -75. Give q(n).
1
Suppose 3*j - 31 = -5*u, 2*j = -4*u + 23 + 3. Let b(n) = 37*n**2 + 7 - 38*n**2 + 9*n - 2*n. Give b(u).
-1
Let d(a) = 4*a + 16. Let z be d(-3). Let c(w) = z*w + 12 + w + 10*w**2 - 15*w - w**3. Give c(9).
3
Suppose 0 = -2*j - 0*j - 5*r + 11, -2*r = 4*j - 14. Let l(h) = j*h**2 - 11*h**3 + 2*h**2 - h - 3*h**2 + 0*h**2. Give l(1).
-10
Let f(w) = 2*w + 18. Let j be -4 - (-2 + 0 - -8). Calculate f(j).
-2
Let z(b) = -2*b. Let n be (2/(-8))/((-1)/12*-3). Let c be (-2 - n)*(0/(-4) + -3). Determine z(c).
-6
Let n be (3 - -5) + -2 - 0. Suppose -10*y + 8*y + n = 0. Let v(g) = 1 + 0*g**3 - 3*g**2 - 2*g + 0*g**y + g**2 + 2*g**3. Determine v(2).
5
Let t(r) = -2*r**2 + 31*r - 10. Let d(i) = 8*i + 4 + 1 - 8*i + i**2 - 15*i. Let h(z) = -13*d(z) - 6*t(z). Give h(4).
15
Let v = -280 - -265. Let h(y) = -y**2 - 16*y - 16. Give h(v).
-1
Let v be 76/12 - ((-2)/(-6) + 0). Let k(i) = -2*i**3 - v*i + i**3 + 0*i**3 + 140*i**2 - 134*i**2 - 2. What is k(5)?
-7
Let u(r) be the third derivative of -1/3*r**4 + 0*r + 1/120*r**6 + r**2 + 0 - 7/60*r**5 + 0*r**3. What is u(8)?
0
Let o(m) = m + 5. Let y = -55 + 63. Calculate o(y).
13
Let c(g) be the first derivative of g**3/3 + 2*g**2 - 7*g + 571. Suppose -2*b + 5 = -3*b. Give c(b).
-2
Let w(t) = -35 - 34 + 95 - t - 40. What is w(-6)?
-8
Let n(v) = v**2. Let y be (-4)/(-8)*-2*0/4. Give n(y).
0
Let t(w) = 1. Let u(q) = -q**2 - q - 1. Let n(k) = -3*k**2 + k - 3. Let g(c) = n(c) - 2*u(c). Let h(s) = g(s) + 4*t(s). Suppose 5*j - 18 - 7 = 0. What is h(j)?
-7
Let n(u) be the first derivative of u**3/3 + 3*u**2/2 - 3*u + 141. Determine n(2).
7
Let b(v) = 8*v + 5. Let t(m) = -3*m - 4. Let o(x) = -2*b(x) - 2*t(x). What is o(-1)?
8
Let b(i) = i + 4. Let z(p) = p + 4. Let s(l) = -3*b(l) + 2*z(l). Suppose -2*m - 7 + 3 = 0. Let y be 3 + (23 + m)/(-3). What is s(y)?
0
Let g(l) = -l**3 + 4*l**2 - 2*l - 2. Suppose -7*d + 58 = -82. Suppose -d + 16 = -2*r. Determine g(r).
2
Suppose 7*y = -s + 8*y, 0 = y + 2. Let h(f) = f**3 - 2*f - 3. Determine h(s).
-7
Let h(f) = f**3 - f**2 + 9. Let b = 367 + -367. Give h(b).
9
Let l(u) be the first derivative of -u**3/3 - 5*u**2 - 14*u + 3. Let i be l(-8). Let c(r) be the first derivative of -r**2/2 + r - 1. Determine c(i).
-1
Let a be (-3)/(-6)*0 + (4 - -7). Let z(x) = 40*x + a - 39*x + 1. Let w = 1 - 7. Give z(w).
6
Let y(c) = c**3 + 6*c**2 + 5*c + 5. Let r be y(-5). Let s(p) = 5*p - 82 + 32 + 24 + 8 + 15. Calculate s(r).
22
Let v(o) = -18*o. Let k be v(1). Let t = -12 - k. Let d(f) = f - 6. Determine d(t).
0
Let r = -432 + 424. Let y(p) = 2*p + 10. Give y(r).
-6
Let r(n) = -n**2 - 2*n. Let m(y) = -5*y**2 - 9*y - 7. Let g(v) = m(v) - 6*r(v). Suppose 2*a + 24 = -2*a. Determine g(a).
11
Let s(k) = -k**2 - 31*k - 108. Let t be s(-27). Let n(x) be the second derivative of t - 1/3*x**3 + x**2 + 1/12*x**4 + 6*x. Give n(2).
2
Let w be (-3 - 9)*-5 + (0 - 4). Suppose 6*v + w = 74. Let s(y) = -2*y**3 + 3*y**2 + 2*y - 1. What is s(v)?
-22
Suppose 2*z + 12 = 5*g - g, 0 = z + 2*g - 6. Let h(c) = 35968*c + 5 - c**2 - 35969*c + 6. Give h(z).
11
Let h(g) = 4*g**2 + 28*g - 5. Let w(v) = v**2 + 9*v - 2. Let p(z) = 2*h(z) - 7*w(z). What is p(6)?
-2
Let i(c) be the first derivative of 20 - 1/4*c**4 - 6*c - 5/3*c**3 - c**2. Determine i(-5).
4
Let a(j) be the second derivative of j**4/12 - j**3/3 - 6*j**2 - 532*j. What is a(6)?
12
Let w(n) = -4*n + 5*n - n**2 - 2*n - 14. Let f(u) = -5*u - 17. Let j be f(-4). Suppose -j*i = i - i. What is w(i)?
-14
Let x(q) = 3*q**2 + 4*q. Let b(d) = -4*d**2 - 4*d. Let t(h) = -2*b(h) - 3*x(h). Let f = -171 - -168. Give t(f).
3
Let t(j) be the third derivative of 0 + 1/12*j**4 - 2/15*j**5 + 1/6*j**3 - 7*j**2 + 0*j. Determine t(-1).
-9
Let x(a) = -43*a - 8 - 2 + 44*a. Let v(g) = 7*g**3 + g**2. Let r be v(1). What is x(r)?
-2
Let c = 177 + -178. Let f(v) = -21*v**3 + v**2 + v + 1. Determine f(c).
22
Let l(p) = p + 1. Let d(z) = 49 - 25 - 29. Let r(v) = d(v) + 5*l(v). Suppose 0 = -0*t - 2*t - 2*a, -a + 6 = 4*t. Calculate r(t).
10
Let c(a) be the first derivative of a**4/4 + 19*a - 782. What is c(0)?
19
Let q(r) be the first derivative of -r**2/2 - 65. Give q(-6).
6
Let m be (-3 + (-186)/(-42))*-7. Let h(l) = -l**2 - 12*l - 12. Determine h(m).
8
Let f be ((-1)/3)/(5/(-165)). Let t(g) = -g. Let p(y) = 2. Let z(u) = -